{"id":730,"date":"2018-07-26T10:40:07","date_gmt":"2018-07-26T13:40:07","guid":{"rendered":"https:\/\/isftim-crr.infd.edu.ar\/sitio\/?page_id=730"},"modified":"2023-11-27T11:27:56","modified_gmt":"2023-11-27T14:27:56","slug":"ingresantes","status":"publish","type":"page","link":"https:\/\/isftim-crr.infd.edu.ar\/sitio\/estudiantes\/ingresantes\/","title":{"rendered":"Ingresantes 2024"},"content":{"rendered":"<h4 style=\"text-align: left;\">Pre-inscripci\u00f3n on-line<\/h4>\n<p><a href=\"https:\/\/simaeducativa.mec.gob.ar\/modulo\/ingresante\/?uocra\" target=\"_blank\" rel=\"noopener\"><strong>Acceso al enlace de Pre-Inscripci\u00f3n<\/strong><\/a><\/p>\n<p><strong>RECOMENDACIONES PARA EVITAR INCONVENIENTES AL MOMENTO DE LA PRE-INSCRIPCI\u00d3N:<\/strong><\/p>\n<ul>\n<li><strong>Prepare con antelaci\u00f3n<\/strong> la informaci\u00f3n requerida para el proceso de pre-inscripci\u00f3n en l\u00ednea dado que los <em>cupos son limitados<\/em> y se agotan r\u00e1pidamente.<\/li>\n<li>Requerir\u00e1 de un <strong>correo electr\u00f3nico personal<\/strong>, verifique su correcto funcionamiento o cree uno nuevo.<\/li>\n<li>El proceso de pre-inscripci\u00f3n se puede realizar desde un <strong>celular, <\/strong>de ser posible les sugerimos contar con una <strong>computadora <\/strong>para el d\u00eda y la hora de la pre-inscripci\u00f3n dado que agiliza el tr\u00e1mite.<\/li>\n<li>Prever contar con contar con <strong>datos en el celular\u00a0<\/strong> y\/o una <strong>buena conexi\u00f3n a Internet <\/strong>para evitar inconvenientes.<\/li>\n<\/ul>\n<p><img decoding=\"async\" loading=\"lazy\" class=\"alignnone size-medium wp-image-923\" src=\"https:\/\/isftim-crr.infd.edu.ar\/sitio\/wp-content\/uploads\/2023\/11\/Oferta-UOCRA-2024-1000x1000.jpg\" alt=\"\" width=\"1000\" height=\"1000\" srcset=\"https:\/\/isftim-crr.infd.edu.ar\/sitio\/wp-content\/uploads\/2023\/11\/Oferta-UOCRA-2024-1000x1000.jpg 1000w, https:\/\/isftim-crr.infd.edu.ar\/sitio\/wp-content\/uploads\/2023\/11\/Oferta-UOCRA-2024-500x500.jpg 500w, https:\/\/isftim-crr.infd.edu.ar\/sitio\/wp-content\/uploads\/2023\/11\/Oferta-UOCRA-2024-768x768.jpg 768w, https:\/\/isftim-crr.infd.edu.ar\/sitio\/wp-content\/uploads\/2023\/11\/Oferta-UOCRA-2024.jpg 1080w\" sizes=\"(max-width: 1000px) 100vw, 1000px\" \/><\/p>\n","protected":false},"excerpt":{"rendered":"<p>Pre-inscripci\u00f3n on-line Acceso al enlace de Pre-Inscripci\u00f3n RECOMENDACIONES PARA EVITAR INCONVENIENTES AL MOMENTO DE LA PRE-INSCRIPCI\u00d3N: Prepare con antelaci\u00f3n la informaci\u00f3n requerida para el proceso de pre-inscripci\u00f3n en l\u00ednea dado que los cupos son limitados y se agotan r\u00e1pidamente. Requerir\u00e1 de un correo electr\u00f3nico personal, verifique su correcto funcionamiento o cree uno nuevo. El proceso &#8230; <a title=\"Ingresantes 2024\" class=\"read-more\" href=\"https:\/\/isftim-crr.infd.edu.ar\/sitio\/estudiantes\/ingresantes\/\" aria-label=\"More on Ingresantes 2024\">[+]<\/a><\/p>\n","protected":false},"author":6,"featured_media":0,"parent":692,"menu_order":0,"comment_status":"closed","ping_status":"closed","template":"","meta":[],"acf":[],"_links":{"self":[{"href":"https:\/\/isftim-crr.infd.edu.ar\/sitio\/wp-json\/wp\/v2\/pages\/730"}],"collection":[{"href":"https:\/\/isftim-crr.infd.edu.ar\/sitio\/wp-json\/wp\/v2\/pages"}],"about":[{"href":"https:\/\/isftim-crr.infd.edu.ar\/sitio\/wp-json\/wp\/v2\/types\/page"}],"author":[{"embeddable":true,"href":"https:\/\/isftim-crr.infd.edu.ar\/sitio\/wp-json\/wp\/v2\/users\/6"}],"replies":[{"embeddable":true,"href":"https:\/\/isftim-crr.infd.edu.ar\/sitio\/wp-json\/wp\/v2\/comments?post=730"}],"version-history":[{"count":4,"href":"https:\/\/isftim-crr.infd.edu.ar\/sitio\/wp-json\/wp\/v2\/pages\/730\/revisions"}],"predecessor-version":[{"id":924,"href":"https:\/\/isftim-crr.infd.edu.ar\/sitio\/wp-json\/wp\/v2\/pages\/730\/revisions\/924"}],"up":[{"embeddable":true,"href":"https:\/\/isftim-crr.infd.edu.ar\/sitio\/wp-json\/wp\/v2\/pages\/692"}],"wp:attachment":[{"href":"https:\/\/isftim-crr.infd.edu.ar\/sitio\/wp-json\/wp\/v2\/media?parent=730"}],"curies":[{"name":"wp","href":"https:\/\/api.w.org\/{rel}","templated":true}]}}