{"id":900,"date":"2023-04-28T17:00:02","date_gmt":"2023-04-28T20:00:02","guid":{"rendered":"https:\/\/isftim-crr.infd.edu.ar\/sitio\/?page_id=900"},"modified":"2023-04-28T17:00:51","modified_gmt":"2023-04-28T20:00:51","slug":"mecatronica","status":"publish","type":"page","link":"https:\/\/isftim-crr.infd.edu.ar\/sitio\/catalogo\/mecatronica\/","title":{"rendered":"MECATR\u00d3NICA"},"content":{"rendered":"\n<p><strong>TECNICATURA SUPERIOR EN MECATR\u00d3NICA<\/strong><\/p>\n\n\n\n<h4 class=\"wp-block-heading\">Plan de estudios<\/h4>\n\n\n\n<p><strong>PRIMER A\u00d1O<\/strong><\/p>\n\n\n\n<p><em><strong>PRIMER CUATRIMESTRE<\/strong><\/em><\/p>\n\n\n\n<ul>\n<li>CIENCIA TECNOLOG\u00cdA Y SOCIEDAD<\/li>\n\n\n\n<li>OFIM\u00c1TICA <\/li>\n<\/ul>\n\n\n\n<p><em><strong>SEGUNDO CUATRIMESTRE<\/strong><\/em><\/p>\n\n\n\n<ul>\n<li>ELECTRICIDAD Y ELECTR\u00d3NICA ANAL\u00d3GICA<\/li>\n\n\n\n<li>LABORATORIO DE PROGRAMACI\u00d3N I<\/li>\n\n\n\n<li>PR\u00c1CTICA PROFESIONALIZANTE EN MECATR\u00d3NICA I<\/li>\n\n\n\n<li>SISTEMAS DE REPRESENTACI\u00d3N<\/li>\n<\/ul>\n\n\n\n<p><em><strong>ANUAL<\/strong><\/em><\/p>\n\n\n\n<ul>\n<li>INFORM\u00c1TICA<\/li>\n\n\n\n<li>INGL\u00c9S T\u00c9CNICO<\/li>\n\n\n\n<li>MATEM\u00c1TICA Y ESTAD\u00cdSTICA<\/li>\n<\/ul>\n\n\n\n<p><strong>SEGUNDO A\u00d1O<\/strong><\/p>\n\n\n\n<p><em><strong>SEGUNDO CUATRIMESTRE<\/strong><\/em><\/p>\n\n\n\n<ul>\n<li>CULTURA Y COMUNICACI\u00d3N CONTEMPOR\u00c1NEA<\/li>\n\n\n\n<li>ELECTR\u00d3NICA DIGITAL<\/li>\n\n\n\n<li>INGL\u00c9S T\u00c9CNICO II<\/li>\n\n\n\n<li>SERVOMECANISMOS<\/li>\n<\/ul>\n\n\n\n<p><em><strong>ANUAL<\/strong><\/em><\/p>\n\n\n\n<ul>\n<li>LABORATORIO DE PROGRAMACI\u00d3N II<\/li>\n\n\n\n<li>MEC\u00c1NICA<\/li>\n\n\n\n<li>OPERACI\u00d3N MONTAJE Y MANTENIMIENTO DE EQUIPOS E INSTALACIONES ELECTROMEC\u00c1NICAS<\/li>\n\n\n\n<li>PR\u00c1CTICA PROFESIONALIZANTE EN MECATR\u00d3NICA II<\/li>\n<\/ul>\n\n\n\n<p><strong>TERCER A\u00d1O<\/strong><\/p>\n\n\n\n<p><em><strong>PRIMER CUATRIMESTRE<\/strong><\/em><\/p>\n\n\n\n<ul>\n<li>MANTENIMIENTO Y SEGURIDAD INDUSTRIAL<\/li>\n\n\n\n<li>PROCESOS POL\u00cdTICOS, ECON\u00d3MICOS Y EL MUNDO DEL TRABAJO: EMPRENDEDORISMO<\/li>\n<\/ul>\n\n\n\n<p><em><strong>SEGUNDO CUATRIMESTRE<\/strong><\/em><\/p>\n\n\n\n<ul>\n<li>AUTOMATIZACI\u00d3N INDUSTRIAL<\/li>\n\n\n\n<li>DEONTOLOG\u00cdA PROFESIONAL<\/li>\n<\/ul>\n\n\n\n<p><em><strong>ANUAL<\/strong><\/em><\/p>\n\n\n\n<ul>\n<li>DISE\u00d1O E IMPRESI\u00d3N 3D<\/li>\n\n\n\n<li>MONTAJE INSTALACI\u00d3N Y MANTENIMIENTO DE EQUIPOS DE ELECTR\u00d3NICA INDUSTRIAL<\/li>\n\n\n\n<li>PR\u00c1CTICA PROFESIONALIZANTE EN MECATR\u00d3NICA III<\/li>\n\n\n\n<li>ROB\u00d3TICA E INTELIGENCIA ARTIFICIAL<\/li>\n<\/ul>\n","protected":false},"excerpt":{"rendered":"<p>TECNICATURA SUPERIOR EN MECATR\u00d3NICA Plan de estudios PRIMER A\u00d1O PRIMER CUATRIMESTRE SEGUNDO CUATRIMESTRE ANUAL SEGUNDO A\u00d1O SEGUNDO CUATRIMESTRE ANUAL TERCER A\u00d1O PRIMER CUATRIMESTRE SEGUNDO CUATRIMESTRE ANUAL<\/p>\n","protected":false},"author":11,"featured_media":0,"parent":644,"menu_order":4,"comment_status":"closed","ping_status":"closed","template":"","meta":[],"acf":[],"_links":{"self":[{"href":"https:\/\/isftim-crr.infd.edu.ar\/sitio\/wp-json\/wp\/v2\/pages\/900"}],"collection":[{"href":"https:\/\/isftim-crr.infd.edu.ar\/sitio\/wp-json\/wp\/v2\/pages"}],"about":[{"href":"https:\/\/isftim-crr.infd.edu.ar\/sitio\/wp-json\/wp\/v2\/types\/page"}],"author":[{"embeddable":true,"href":"https:\/\/isftim-crr.infd.edu.ar\/sitio\/wp-json\/wp\/v2\/users\/11"}],"replies":[{"embeddable":true,"href":"https:\/\/isftim-crr.infd.edu.ar\/sitio\/wp-json\/wp\/v2\/comments?post=900"}],"version-history":[{"count":1,"href":"https:\/\/isftim-crr.infd.edu.ar\/sitio\/wp-json\/wp\/v2\/pages\/900\/revisions"}],"predecessor-version":[{"id":901,"href":"https:\/\/isftim-crr.infd.edu.ar\/sitio\/wp-json\/wp\/v2\/pages\/900\/revisions\/901"}],"up":[{"embeddable":true,"href":"https:\/\/isftim-crr.infd.edu.ar\/sitio\/wp-json\/wp\/v2\/pages\/644"}],"wp:attachment":[{"href":"https:\/\/isftim-crr.infd.edu.ar\/sitio\/wp-json\/wp\/v2\/media?parent=900"}],"curies":[{"name":"wp","href":"https:\/\/api.w.org\/{rel}","templated":true}]}}